{"id":417,"date":"2025-12-26T22:34:44","date_gmt":"2025-12-27T04:34:44","guid":{"rendered":"https:\/\/radiohosanacr.com\/?page_id=417"},"modified":"2025-12-26T23:25:34","modified_gmt":"2025-12-27T05:25:34","slug":"programacion","status":"publish","type":"page","link":"https:\/\/radiohosanacr.com\/?page_id=417","title":{"rendered":"Programacion"},"content":{"rendered":"<p data-start=\"94\" data-end=\"139\">&#x1f3b6; <strong data-start=\"97\" data-end=\"134\">Radio Hosana, una voz que inspira<\/strong> &#x1f3b6;<\/p>\n<p style=\"text-align: justify;\" data-start=\"141\" data-end=\"453\">Te invitamos a escuchar la programaci\u00f3n de <strong data-start=\"184\" data-end=\"200\">Radio Hosana<\/strong>, un espacio dise\u00f1ado para acompa\u00f1arte con mensajes de fe, esperanza y reflexi\u00f3n. Por medio de m\u00fasica edificante, ense\u00f1anzas inspiradoras y contenidos b\u00edblicos pensados para toda la familia, Radio Hosana busca fortalecer el esp\u00edritu y brindar \u00e1nimo a cada persona oyente.<\/p>\n<p style=\"text-align: justify;\" data-start=\"455\" data-end=\"613\">Sinton\u00edzanos y permite que cada palabra y\u00a0 melod\u00eda llenen tu d\u00eda de paz, confianza y prop\u00f3sito.<\/p>\n<table style=\"width: 49.6189%; height: 828px;\" border=\"1\" width=\"428\">\n<tbody>\n<tr style=\"height: 24px; background-color: #0206eb;\">\n<td style=\"width: 51.9685%; height: 24px; border-style: solid; border-color: #000000;\"><span style=\"color: #ffffff;\"><strong>Programa<\/strong><\/span><\/td>\n<td style=\"width: 9.44882%; height: 24px; border-style: solid; border-color: #000000; text-align: center;\"><span style=\"color: #ffffff;\"><strong>D\u00eda<\/strong><\/span><\/td>\n<td style=\"width: 23.2283%; height: 24px; border-style: solid; border-color: #000000; text-align: center;\"><span style=\"color: #ffffff;\"><strong>Hora inicio<\/strong><\/span><\/td>\n<td style=\"width: 34.6457%; height: 24px; border-style: solid; border-color: #000000; text-align: center;\"><span style=\"color: #ffffff;\"><strong>Duraci\u00f3n<\/strong><\/span><\/td>\n<\/tr>\n<tr style=\"height: 48px;\">\n<td style=\"width: 51.9685%; height: 34px;\">Fundamentos del Discipulado<\/td>\n<td style=\"width: 9.44882%; height: 34px; text-align: center;\">L-V<\/td>\n<td style=\"width: 23.2283%; height: 34px; text-align: center;\">1:30 AM<\/td>\n<td style=\"width: 34.6457%; height: 34px;\">12 minutos<\/td>\n<\/tr>\n<tr style=\"height: 48px;\">\n<td style=\"width: 51.9685%; height: 35px;\">Tiempo de la palabra<\/td>\n<td style=\"width: 9.44882%; height: 35px; text-align: center;\">L-V<\/td>\n<td style=\"width: 23.2283%; height: 35px; text-align: center;\">3:00 AM<\/td>\n<td style=\"width: 34.6457%; height: 35px;\">50 minutos<\/td>\n<\/tr>\n<tr style=\"height: 48px;\">\n<td style=\"width: 51.9685%; height: 32px;\">Oraci\u00f3n Matutina en Vivo<\/td>\n<td style=\"width: 9.44882%; height: 32px; text-align: center;\"><strong>K-J<\/strong><\/td>\n<td style=\"width: 23.2283%; height: 32px; text-align: center;\">5:00 AM<\/td>\n<td style=\"width: 34.6457%; height: 32px;\">55 minutos<\/td>\n<\/tr>\n<tr>\n<td style=\"width: 51.9685%;\">Reflexi\u00f3n con Dorothy<\/td>\n<td style=\"width: 9.44882%; text-align: center;\"><strong>L-V<\/strong><\/td>\n<td style=\"width: 23.2283%; text-align: center;\">06:00 AM<\/td>\n<td style=\"width: 34.6457%;\">5 minutos<\/td>\n<\/tr>\n<tr style=\"height: 48px;\">\n<td style=\"width: 51.9685%; height: 34px;\">Lecturas B\u00edblicas NT (dramatizada)<\/td>\n<td style=\"width: 9.44882%; height: 34px; text-align: center;\">L-V<\/td>\n<td style=\"width: 23.2283%; height: 34px; text-align: center;\">6:30 AM<\/td>\n<td style=\"width: 34.6457%; height: 34px;\">15 minutos<\/td>\n<\/tr>\n<tr style=\"height: 48px;\">\n<td style=\"width: 51.9685%; height: 27px;\">Mensaje a la Conciencia<\/td>\n<td style=\"width: 9.44882%; height: 27px; text-align: center;\">L-V<\/td>\n<td style=\"width: 23.2283%; height: 27px; text-align: center;\">7:30 AM<\/td>\n<td style=\"width: 34.6457%; height: 27px;\">4 minutos<\/td>\n<\/tr>\n<tr style=\"height: 48px;\">\n<td style=\"width: 51.9685%; height: 34px;\">En Contacto<\/td>\n<td style=\"width: 9.44882%; height: 34px; text-align: center;\">L-V<\/td>\n<td style=\"width: 23.2283%; height: 34px; text-align: center;\">8:00 AM<\/td>\n<td style=\"width: 34.6457%; height: 34px;\">25 minutos<\/td>\n<\/tr>\n<tr style=\"height: 48px;\">\n<td style=\"width: 51.9685%; height: 32px;\">Fundamentos del Discipulado<\/td>\n<td style=\"width: 9.44882%; height: 32px; text-align: center;\">L-V<\/td>\n<td style=\"width: 23.2283%; height: 32px; text-align: center;\">9:30 AM<\/td>\n<td style=\"width: 34.6457%; height: 32px;\">12 minutos<\/td>\n<\/tr>\n<tr style=\"height: 48px;\">\n<td style=\"width: 51.9685%; height: 35px;\">Lecturas B\u00edblicas NT<\/td>\n<td style=\"width: 9.44882%; height: 35px; text-align: center;\">L-V<\/td>\n<td style=\"width: 23.2283%; height: 35px; text-align: center;\">10:30 AM<\/td>\n<td style=\"width: 34.6457%; height: 35px;\">15 minutos<\/td>\n<\/tr>\n<tr style=\"height: 48px;\">\n<td style=\"width: 51.9685%; height: 39px;\">Fuente de la Vida (Estudio B\u00edblico)<\/td>\n<td style=\"width: 9.44882%; height: 39px; text-align: center;\">L-V<\/td>\n<td style=\"width: 23.2283%; height: 39px; text-align: center;\">11:00 AM<\/td>\n<td style=\"width: 34.6457%; height: 39px;\">25 minutos<\/td>\n<\/tr>\n<tr style=\"height: 48px;\">\n<td style=\"width: 51.9685%; height: 48px;\">Mensaje a la Conciencia<\/td>\n<td style=\"width: 9.44882%; height: 48px; text-align: center;\">L-V<\/td>\n<td style=\"width: 23.2283%; height: 48px; text-align: center;\">11:30 AM<\/td>\n<td style=\"width: 34.6457%; height: 48px;\">4 minutos<\/td>\n<\/tr>\n<tr style=\"height: 24px;\">\n<td style=\"width: 51.9685%; height: 24px;\">Solo un Minuto<\/td>\n<td style=\"width: 9.44882%; height: 24px; text-align: center;\">L-V<\/td>\n<td style=\"width: 23.2283%; height: 24px; text-align: center;\">11:45 AM<\/td>\n<td style=\"width: 34.6457%; height: 24px;\">1 minuto<\/td>\n<\/tr>\n<tr style=\"height: 48px;\">\n<td style=\"width: 51.9685%; height: 35px;\">Tiempo de la palabra<\/td>\n<td style=\"width: 9.44882%; height: 35px; text-align: center;\">L-V<\/td>\n<td style=\"width: 23.2283%; height: 35px; text-align: center;\">12:00 m.d.<\/td>\n<td style=\"width: 34.6457%; height: 35px;\">50 minutos<\/td>\n<\/tr>\n<tr>\n<td style=\"width: 51.9685%;\">Alimento para el alma<\/td>\n<td style=\"width: 9.44882%; text-align: center;\">L-V<\/td>\n<td style=\"width: 23.2283%; text-align: center;\">01:30 PM<\/td>\n<td style=\"width: 34.6457%;\">3 minutos<\/td>\n<\/tr>\n<tr>\n<td style=\"width: 51.9685%;\">Cultura Financiera<\/td>\n<td style=\"width: 9.44882%; text-align: center;\">L-V<\/td>\n<td style=\"width: 23.2283%; text-align: center;\">01:45 PM<\/td>\n<td style=\"width: 34.6457%;\">5 minutos<\/td>\n<\/tr>\n<tr style=\"height: 48px;\">\n<td style=\"width: 51.9685%; height: 38px;\">Historias B\u00edblicas AT<\/td>\n<td style=\"width: 9.44882%; height: 38px; text-align: center;\">L-V<\/td>\n<td style=\"width: 23.2283%; height: 38px; text-align: center;\">2:15 PM<\/td>\n<td style=\"width: 34.6457%; height: 38px;\">15 minutos<\/td>\n<\/tr>\n<tr>\n<td style=\"width: 51.9685%;\">Un Consejo de Dios<\/td>\n<td style=\"width: 9.44882%; text-align: center;\">L-V<\/td>\n<td style=\"width: 23.2283%; text-align: center;\">02:45 PM<\/td>\n<td style=\"width: 34.6457%;\">12 minutos<\/td>\n<\/tr>\n<tr>\n<td style=\"width: 51.9685%;\">Mapa Financiero<\/td>\n<td style=\"width: 9.44882%; text-align: center;\">L-V<\/td>\n<td style=\"width: 23.2283%; text-align: center;\">03:15 Pm<\/td>\n<td style=\"width: 34.6457%;\">5 minutos<\/td>\n<\/tr>\n<tr style=\"height: 48px;\">\n<td style=\"width: 51.9685%; height: 31px;\">Fundamentos del Discipulado<\/td>\n<td style=\"width: 9.44882%; height: 31px; text-align: center;\">L-V<\/td>\n<td style=\"width: 23.2283%; height: 31px; text-align: center;\">3:30 PM<\/td>\n<td style=\"width: 34.6457%; height: 31px;\">12 minutos<\/td>\n<\/tr>\n<tr style=\"height: 48px;\">\n<td style=\"width: 51.9685%; height: 29px;\">Ruta 66<\/td>\n<td style=\"width: 9.44882%; height: 29px; text-align: center;\">L-V<\/td>\n<td style=\"width: 23.2283%; height: 29px; text-align: center;\">4:00 PM<\/td>\n<td style=\"width: 34.6457%; height: 29px;\">26 minutos<\/td>\n<\/tr>\n<tr style=\"height: 48px;\">\n<td style=\"width: 51.9685%; height: 31px;\">La buena semilla<\/td>\n<td style=\"width: 9.44882%; height: 31px; text-align: center;\">L-V<\/td>\n<td style=\"width: 23.2283%; height: 31px; text-align: center;\">4:44 PM<\/td>\n<td style=\"width: 34.6457%; height: 31px;\">4 minutos<\/td>\n<\/tr>\n<tr style=\"height: 48px;\">\n<td style=\"width: 51.9685%; height: 29px;\">En Contacto<\/td>\n<td style=\"width: 9.44882%; height: 29px; text-align: center;\">L-V<\/td>\n<td style=\"width: 23.2283%; height: 29px; text-align: center;\">5:00 PM<\/td>\n<td style=\"width: 34.6457%; height: 29px;\">25 minutos<\/td>\n<\/tr>\n<tr style=\"height: 24px;\">\n<td style=\"width: 51.9685%; height: 24px;\">Solo un Minuto<\/td>\n<td style=\"width: 9.44882%; height: 24px; text-align: center;\">L-V<\/td>\n<td style=\"width: 23.2283%; height: 24px; text-align: center;\">5:30 PM<\/td>\n<td style=\"width: 34.6457%; height: 24px;\">1 minuto<\/td>\n<\/tr>\n<tr style=\"height: 48px;\">\n<td style=\"width: 51.9685%; height: 36px;\">C\u00e1psulas de Sanidad Divina<\/td>\n<td style=\"width: 9.44882%; height: 36px; text-align: center;\">L-V<\/td>\n<td style=\"width: 23.2283%; height: 36px; text-align: center;\">5:45 PM<\/td>\n<td style=\"width: 34.6457%; height: 36px;\">10 minutos<\/td>\n<\/tr>\n<tr style=\"height: 48px;\">\n<td style=\"width: 51.9685%; height: 35px;\">Lecturas B\u00edblicas AT<\/td>\n<td style=\"width: 9.44882%; height: 35px; text-align: center;\">L-V<\/td>\n<td style=\"width: 23.2283%; height: 35px; text-align: center;\">6:00 PM<\/td>\n<td style=\"width: 34.6457%; height: 35px;\">15 minutos<\/td>\n<\/tr>\n<tr style=\"height: 48px;\">\n<td style=\"width: 51.9685%; height: 37px;\">Tiempo de la palabra<\/td>\n<td style=\"width: 9.44882%; height: 37px; text-align: center;\">L-V<\/td>\n<td style=\"width: 23.2283%; height: 37px; text-align: center;\">7:00 PM<\/td>\n<td style=\"width: 34.6457%; height: 37px;\">50 minutos<\/td>\n<\/tr>\n<tr style=\"height: 48px;\">\n<td style=\"width: 51.9685%; height: 39px;\">Vida en Familia hoy<\/td>\n<td style=\"width: 9.44882%; height: 39px; text-align: center;\">L-V<\/td>\n<td style=\"width: 23.2283%; height: 39px; text-align: center;\">8:30 PM<\/td>\n<td style=\"width: 34.6457%; height: 39px;\">14 minutos<\/td>\n<\/tr>\n<tr style=\"height: 48px;\">\n<td style=\"width: 51.9685%; height: 36px;\">En Contacto<\/td>\n<td style=\"width: 9.44882%; height: 36px; text-align: center;\">L-V<\/td>\n<td style=\"width: 23.2283%; height: 36px; text-align: center;\">10:00 PM<\/td>\n<td style=\"width: 34.6457%; height: 36px;\">25 minutos<\/td>\n<\/tr>\n<tr style=\"height: 48px;\">\n<td style=\"width: 51.9685%; height: 30px;\">Lectura de Salmos<\/td>\n<td style=\"width: 9.44882%; height: 30px; text-align: center;\">L-V<\/td>\n<td style=\"width: 23.2283%; height: 30px; text-align: center;\">11:00 PM<\/td>\n<td style=\"width: 34.6457%; height: 30px;\">5 minutos<\/td>\n<\/tr>\n<\/tbody>\n<\/table>\n<p data-start=\"455\" data-end=\"613\"><em>La letra &#8220;<strong>K<\/strong>&#8221; equivale a <strong>martes<\/strong>. Entre cada programa est\u00e1n los bloques musicales.<\/em><\/p>\n<p data-start=\"455\" data-end=\"613\"><em>Los S\u00e1bados y domingos la programaci\u00f3n est\u00e1 m\u00e1s enfocada a contenido musical.<\/em><\/p>\n<p data-start=\"455\" data-end=\"613\">Sus comentarios son importantes para enriquecer nuestra programaci\u00f3n. Escriba a cabinacr@gmail.com o envi\u00e9 un mensaje al tel\u00e9fono 6050-6166<\/p>\n<p data-start=\"455\" data-end=\"613\"><strong data-start=\"557\" data-end=\"613\">Radio Hosana: siempre contigo.<\/strong><\/p>\n<p data-start=\"455\" data-end=\"613\">\n","protected":false},"excerpt":{"rendered":"<p>&#x1f3b6; Radio Hosana, una voz que inspira &#x1f3b6; Te invitamos a escuchar la programaci\u00f3n de Radio Hosana, un espacio dise\u00f1ado para acompa\u00f1arte con mensajes de fe, esperanza y reflexi\u00f3n. Por medio de m\u00fasica edificante, ense\u00f1anzas inspiradoras y contenidos b\u00edblicos pensados para toda la familia, Radio Hosana busca fortalecer el esp\u00edritu y brindar \u00e1nimo a cada [&hellip;]<\/p>\n","protected":false},"author":1,"featured_media":0,"parent":0,"menu_order":0,"comment_status":"closed","ping_status":"closed","template":"","meta":{"footnotes":""},"class_list":["post-417","page","type-page","status-publish","hentry"],"_links":{"self":[{"href":"https:\/\/radiohosanacr.com\/index.php?rest_route=\/wp\/v2\/pages\/417","targetHints":{"allow":["GET"]}}],"collection":[{"href":"https:\/\/radiohosanacr.com\/index.php?rest_route=\/wp\/v2\/pages"}],"about":[{"href":"https:\/\/radiohosanacr.com\/index.php?rest_route=\/wp\/v2\/types\/page"}],"author":[{"embeddable":true,"href":"https:\/\/radiohosanacr.com\/index.php?rest_route=\/wp\/v2\/users\/1"}],"replies":[{"embeddable":true,"href":"https:\/\/radiohosanacr.com\/index.php?rest_route=%2Fwp%2Fv2%2Fcomments&post=417"}],"version-history":[{"count":8,"href":"https:\/\/radiohosanacr.com\/index.php?rest_route=\/wp\/v2\/pages\/417\/revisions"}],"predecessor-version":[{"id":429,"href":"https:\/\/radiohosanacr.com\/index.php?rest_route=\/wp\/v2\/pages\/417\/revisions\/429"}],"wp:attachment":[{"href":"https:\/\/radiohosanacr.com\/index.php?rest_route=%2Fwp%2Fv2%2Fmedia&parent=417"}],"curies":[{"name":"wp","href":"https:\/\/api.w.org\/{rel}","templated":true}]}}